et m be (5/2)/(1/(-2)). Let u be h(m). Let w(l) = l**3 - l**2 - 4*l + 2. Calculate w(u).
8
Let o(s) = s**2 + 3*s - 6. Let l be o(-5). Let v(h) = 4*h + 2. What is v(l)?
18
Let t(c) be the second derivative of -c**5/20 + c**4/6 + c**3/3 - c**2 + 5*c. What is t(2)?
2
Let t(o) = 4 + 4*o - 1 - 5*o**2 - o**3 - 7*o + 0 + 6*o. Suppose 39 - 12 = 3*v. Suppose -2*c + 3*l - v = c, 3*c + 19 = -2*l. Give t(c).
-12
Let c(h) be the first derivative of -h**7/840 + h**6/60 - h**5/20 - h**4/24 - 2*h**3/3 - 3. Let m(x) be the third derivative of c(x). Determine m(5).
-6
Let o(v) = -v - 7. Let g be o(-9). Let w(h) = h**3 + 3*h**2 - 3*h - 1. Let y(i) = -i**3 - 3*i**2 + 3*i. Let q(j) = g*w(j) + 3*y(j). Give q(-4).
2
Let a(b) = b - 13. Suppose -50 = -7*u + 20. Determine a(u).
-3
Let b(y) = 2 - 5*y**2 - 5*y - 3 + 4*y**2 - 2. Let a be b(-4). Let j(o) = -8*o**2 - o. Determine j(a).
-9
Let j be 38/4 + 5/(-10). Suppose 2*z + 1 = 2*s + j, 0 = 2*z - 4*s - 12. Let u(n) = -5*n**z - n**3 - 4 - 3 + 1. What is u(-5)?
-6
Let d(t) = -t**3 - 7*t**2 - 6*t - 5. Let y be (-4)/2 + (-24)/(-6). Let n be (-1)/(y/16) + 0. Let p = n - -2. Give d(p).
-5
Let i(t) = -t + 1. Let a(n) = 3*n - 5 + 3*n - 5*n. Let d(y) = a(y) + 2*i(y). Let x = -3 - -8. Give d(x).
-8
Let q(x) = -2 - 3 + 2 + 5*x - 3*x**2 + 4*x**2. Determine q(-4).
-7
Let r(v) = -v**2 - 8*v - 1. Suppose -11 = 3*b + 1. Determine r(b).
15
Let a(s) = 0*s**3 + 2 + 0 - 3*s**2 + 2*s**3. Suppose -c = 3*f + 11, -5*c - 10 = 5*f + 5. Let q = 6 + f. Calculate a(q).
6
Let a(b) be the second derivative of 5*b**4/24 + b**3/6 - 5*b**2 + 6*b. Let c(x) be the first derivative of a(x). Give c(1).
6
Let s(i) = i. Suppose 2*l + 36 = 8*l. What is s(l)?
6
Let a(p) = p**2 + 2. Let f(s) = -s**2 - 1. Let o(m) = -m**3 - m**2. Let r(l) = -f(l) + o(l). Let w be r(1). Give a(w).
2
Let b(p) = p + 4. Let w be (-77)/21 + 1/((-3)/(-2)). What is b(w)?
1
Let p(m) be the first derivative of m**3/3 + 5*m**2/2 + 1. Let t be (6/2)/(12/(-24)). Give p(t).
6
Suppose -14*o - 34 = 20*o. Let x(z) = -z + 1 + 0 + 4*z. Calculate x(o).
-2
Let u(c) = -4*c**3 + 2*c**2 + 2*c + 1. Suppose -20 = -5*t + 5. Let y = t + -6. What is u(y)?
5
Let z(l) = 4*l - 5*l + 0*l - 10 + 0*l. Calculate z(-10).
0
Let k(b) = -b + 2. Let j be (3/1)/((-5)/((-50)/15)). Determine k(j).
0
Let b(a) be the first derivative of -a**4/4 + a**3/3 + a**2/2 - 9. Give b(-1).
1
Let g(a) = 7*a**3 - a**2 - 4*a - 7. Let r(y) = 3*y**3 - y**2 - 2*y - 3. Let u(q) = -2*g(q) + 5*r(q). Give u(3).
-7
Suppose 0 = 3*l + 7 - 19. Let t(p) = -l + 5*p + 1 - 3*p**2 + 2*p**2. Give t(3).
3
Suppose 10 = 5*s, 0 = -2*j + 4*s - 1 - 7. Let d(p) = 8*p - p + 1 - 2*p + j*p. Calculate d(1).
6
Let l(i) = -i**3 - 2*i**2 + 4*i. Suppose -r + 6 = 3*r + m, -4*r = 4*m. Suppose -r*p - 2 = 4. What is l(p)?
-3
Suppose 3*h - 4*h - 2 = 0. Let l(v) = -v**3 - 2*v**2 - v. Give l(h).
2
Let t(i) = 0 - 7*i + 5 + 0*i**2 - i**2 + 2*i**2. Calculate t(6).
-1
Let g(k) = -3*k**2 - 12*k - 9. Let z(o) = -o**2 + o. Let d(m) = -g(m) + 2*z(m). What is d(-13)?
-4
Let d(r) be the second derivative of r**4/2 - r**2/2 - 7*r. Give d(-1).
5
Let f(p) = -24*p - 9*p**2 + 11*p - 2*p**2 + 12*p. Calculate f(1).
-12
Let b(o) = -7*o**2 - 5*o - 1. Let u(n) = -4*n**2 - 2*n. Let i(m) = 3*b(m) - 5*u(m). Give i(-6).
-9
Let j(f) = -f + 3. Let p(i) = 3*i - 6. Let v be 2*(1 - 15/6). Let b be (-4)/(-6)*v/1. Let r(q) = b*p(q) - 5*j(q). What is r(-5)?
2
Suppose -c - 6 = d, 0 = -3*d - 3*c + 2*c - 16. Let y(p) = -p**2 - 6*p - 3. Determine y(d).
2
Let l(g) = -g - 4. Let z(s) = -s - 1. Let b(y) = l(y) - 6*z(y). Calculate b(-2).
-8
Let g(q) = q + 7. Suppose 0 = -4*o - 0*o - 8. Let p = o + 7. Suppose 5*w = -p*r - 5, -3*r = -4*w - 0*r - 18. Give g(w).
4
Let r(p) = p**3 - 7*p**2 - 18*p - 11. Let z be r(9). Let q(w) = w**2 + 12*w + 16. Give q(z).
5
Let u(m) = 5*m. Let a = 1 - 3. Calculate u(a).
-10
Let k be 58/6 - (-4)/(-6). Let o = k + -9. Let l(z) = z + 3. Give l(o).
3
Let q = 5 - 1. Suppose 4*r + 2 = 5*r. Let p(f) = -f**2 - r*f - 2 + q*f + 1 + 4*f. Give p(3).
8
Let b(c) = c**3 - 6*c**2 - c + 1. Let t be b(6). Let u(v) = 3*v**2 - 5*v - 1. Let q(g) = 2*g**2 - 5*g - 1. Let i(r) = 4*q(r) - 3*u(r). What is i(t)?
-1
Let c = 14 + -25. Suppose 0*j + 4*j = 2*y + 22, 5*j - 30 = 2*y. Let l = c + j. Let h(b) = -b**2 - 5*b - 2. Calculate h(l).
4
Let n(a) = 2*a**2 + 12*a - 5. Let y(c) = -c**2 - 6*c + 3. Let x(j) = -3*n(j) - 5*y(j). Calculate x(-7).
-7
Suppose -17 = -3*r + 2*z, -z - 22 = -4*r + z. Let x(a) = -a + 10. What is x(r)?
5
Let u(k) = -2*k + 5. Let v(p) = -3*p + 8. Let f = -14 + 21. Let d(t) = f*u(t) - 5*v(t). Let a = 17 + -12. What is d(a)?
0
Suppose 3*q + 9 + 0 = -3*l, q = 4*l + 7. Let u(m) = 12*m**2 + 9 - 9 - m**2. Give u(q).
11
Let v(f) = -f**2 - 4*f - 4. Suppose -4*l = 15 + 9. Let q = l - -2. What is v(q)?
-4
Let o(v) = -23*v - 1 + 11*v - v**2 + 4*v**3 + 0 + 13*v. Determine o(1).
3
Let x(u) = u**2 - 4*u - 2. Let n be x(4). Let r(a) be the third derivative of 5*a**4/24 + a**3/6 + 23*a**2 - 2. Calculate r(n).
-9
Let q(j) = 54*j - 2*j**2 + 4*j**2 - j**2 - 52*j - 5. Determine q(-4).
3
Suppose 0 = 8*d - 3*d. Let c(n) = n**3 + n**2 + 1. Let x(j) = -5*j**3 - 5*j**2 - j. Let h(f) = -6*c(f) - x(f). What is h(d)?
-6
Let c(s) = -2*s**3 - s**2 - s - 2. Suppose 6 = 3*b - 3, 5*o - b + 13 = 0. Calculate c(o).
12
Let r be -5 - -2 - 7*2. Let u(h) = 3*h**2 + 11*h + 26. Let c(l) = -l**2 - 4*l - 9. Let p(x) = r*c(x) - 6*u(x). What is p(2)?
-3
Let l(g) = g**2 + 3*g. Suppose 4 = -4*w - 12. Let m be l(w). Let k(o) = o**3 - 5*o**2 + 3*o - 4. What is k(m)?
-8
Let r(x) = x**3 - 8*x**2 + 7*x. Let j be r(7). Suppose 4 = -j*u - 2*u. Let m(f) = f**2. Determine m(u).
4
Let m(k) = 2*k**3 + 12*k**2 + 9*k + 9. Let o(h) = -h**3 - 6*h**2 - 5*h - 5. Let r(n) = -4*m(n) - 7*o(n). Let i be r(-6). Let g(y) = -2*y + 2. Determine g(i).
-8
Let v(z) = -5*z**2 + 23 - 3*z - z**3 - 24 + 0*z**3. Calculate v(-4).
-5
Suppose 4*t - 2*k = -12, -2*t - 5*k = -t - 8. Let x(d) = -d**2 + 7*d + 11. Let z be x(8). Let m(w) = w - z + 1 + 2*w**2 + 4. What is m(t)?
8
Suppose -32 = 5*r - 4*j, 18 = -6*r + 3*r + 2*j. Let x(c) = 2*c**2 + 4*c - 4. Determine x(r).
12
Suppose -3*u = 2*u. Let i(s) = -1 + 2*s + u - 12*s**3 + 0 - 2*s**2. Determine i(1).
-13
Let d(x) = x. Let n be d(0). Suppose -c + 2*g + 2 = n, 0 = c + 3*c + 2*g - 18. Let w(p) = p + 1. Calculate w(c).
5
Let t(h) = -4*h**3 + 4*h**2 - h - 5*h**2 - 2*h**3. Determine t(-1).
6
Let f(u) be the third derivative of u**5/60 - u**4/24 + u**3/3 - 3*u**2. Let o = 3 + -5. Determine f(o).
8
Let j be (0 - 0)/2 - 4. Let f(w) = 15*w - 11. Let y(h) = -7*h + 5. Let a(m) = 6*f(m) + 13*y(m). Give a(j).
3
Let z(d) = d - 2*d + 0*d - 3. Let j be z(-5). Let y(q) = q**2 + 2*q - j + 2*q - 2. What is y(-4)?
-4
Let r(f) = 2*f**2 - 3*f - 8. Let v(c) = -1 + 1 + 0 + 1. Let q(t) = -r(t) - 5*v(t). What is q(3)?
-6
Suppose -7 = 7*h - 56. Let c(j) = 5 + 5*j - j + 5*j - h*j. Give c(-5).
-5
Let y = 50 - 45. Let b(w) = 5*w - 6. Calculate b(y).
19
Let j = -10 - -14. Let b(m) = m**2 + m. Let g be b(-2). Let y(a) = j*a + 5*a**2 - 6*a**g + 4 - 1. What is y(5)?
-2
Let l be (-4 + 11)*(-3)/(-21). Let k(q) = -12*q + 1. Calculate k(l).
-11
Let n be (3/(-3))/((-3)/15). Let a be n/(-20) + (-18)/(-8). Let s(w) = 0*w + 4 - a - 3 - w. What is s(5)?
-6
Suppose -1 = 3*r - h - 21, -2*r + 6 = 3*h. Let i(y) = -y - 7. Let d(u) = -u - 6. Let c(j) = r*d(j) - 5*i(j). Give c(1).
-2
Let f(k) be the second derivative of 2*k**3 + 17*k. Give f(-1).
-12
Suppose 3*b + b = 4*d - 4, d - 3*b + 7 = 0. Let o(m) = 2*m - 2. Calculate o(d).
8
Let o(r) = r**3 - 3*r**2 + 2*r - 2. Let y(v) = 2*v**3 - 2*v**2 + 2*v - 1. Let p(b) = -3*o(b) + 2*y(b). Calculate p(-5).
14
Let v(w) be the third derivative of 5*w**4/24 - 2*w**3/3 - 13*w**2. Calculate v(4).
16
Let h(o) = -o**2 - 9*o - 1. Let g be 31/(-4) - 30/120. Calculate h(g).
7
Let b(z) = -z**2 + 4*z - 3. Let h be b(2). Let u(j) = 0*j - h + 3 - j. Calculate u(0).
2
Let h(s) be the third derivative of -s**4/12 - 3*s**3/2 + 46*s**2. Give h(9).
-27
Let h = -24 - -26. Let k(g) = 4 - 7 + 5*g**2 - 3*g + 3*g**3 - h*g**3. Determine k(-5).
12
Let i(o) = 3 + 2*o - 14*o + 13*o. Give i(7).
10
Let n(j) = -j**2 + 6*j - 1. Let v = -11 - -16. Suppose -3*f + f = -3*s + 7, 33 = v*s + 2*f. What is n(s)?
4
Let n(r) be the second derivative of r**3/6 - 2*r**2 - 5